u + u - 4*k = -20, -16 = -4*u - 5*k. List the prime factors of ((-54)/45)/(u/(-30)).
3
Let k(z) = 2*z - z - 7 + 7. Let o be k(1). List the prime factors of 5 - o - -25 - -1.
2, 3, 5
Suppose l = -16 + 12. Let o = 14 - l. List the prime factors of o.
2, 3
Suppose -40*r + 25*r + 17490 = 0. List the prime factors of r.
2, 11, 53
Let k = -39 + 42. Suppose 4*u - 238 = -2*d, -4*u = -3*d - k*u + 343. What are the prime factors of d?
5, 23
Let d(p) = 2*p - 3*p**2 - 2*p**2 + 6*p**2 + p - 2. Let u be d(1). Suppose h + 5 = 10, u*h + 66 = 2*o. What are the prime factors of o?
2, 19
Suppose b + 798 = 2*r, 14*b = r + 13*b - 397. What are the prime factors of r?
401
Let p(a) = -2*a + 29. Let d be p(13). Suppose -2*q = -s - 5 + 18, -d*s = 2*q + 25. What are the prime factors of (q/16)/(1/(-122))?
61
Suppose 129 - 1749 = -5*f. Suppose 0 = 5*s + 2*n - 51 - 272, 5*s + n - f = 0. List the prime factors of s.
5, 13
Suppose -12*o + 561 = -2187. What are the prime factors of o?
229
Suppose -4*p = -35 - 101. Let l(n) = n**3 - 46*n**2 - 51*n + 202. Let m be l(47). Suppose -15*o + m*o = -p. What are the prime factors of o?
2, 17
Let f be 0 + ((-1)/1 - -5). Suppose 4*k = f*t - 108, k = -0*k - 3. Suppose t + 3 = 3*c - 3*n, -44 = -4*c + 2*n. What are the prime factors of c?
13
Let i(q) = -4*q**2 + 5*q - 3. Let y be i(3). What are the prime factors of (8 + -5)/((-2)/y)?
2, 3
Let t be 1/2*(-1 + -3). Let k be t/(-2) - (-2 + -1). Suppose 20 = k*x - 20. What are the prime factors of x?
2, 5
List the prime factors of (34/(-6) + 11 + -6)*-1416.
2, 59
Let a be -21*1/6*-2. Suppose 6*t - a*t = 26. Let u = t + 83. What are the prime factors of u?
3, 19
Let t = 16 + -11. Suppose 0 = 5*p + 4*f - 1, 2*p - 4*f - 1 = 5. Suppose 2*j - 2*l - 9 = p, 4*j + t*l = 47. List the prime factors of j.
2
List the prime factors of (-752)/(-141)*1302/8.
2, 7, 31
Suppose 40 = -12*z + 10*z. What are the prime factors of (-56)/z*35/2?
7
Suppose -5*z = -6*z + 84. Suppose 90*b - 282 = z*b. What are the prime factors of b?
47
Suppose -5*p + 2*h + 56 + 2 = 0, -4*p - 3*h + 28 = 0. What are the prime factors of (-4242)/(-30) - 4/p?
3, 47
Suppose 4*t = -2*c + 2, 3*t - 8 = -5*c + 4. Suppose m + 6 = 1, -c*m - 23 = 2*a. Let n(w) = 2*w**2 - 3*w - 3. What are the prime factors of n(a)?
41
Let v(y) = -4*y + 9. Let j be v(-14). Let s be (-4)/6*(-1 + -2). Suppose s*c + j = 7*c. List the prime factors of c.
13
Let f = -2 - -2. Suppose f = 4*l - 5*v - 212, l = -l - 3*v + 106. List the prime factors of l.
53
Let f be 95 + 2 - (1 - 5). Suppose -2*k - 2*k = 3*t - 368, -f = -t + 3*k. List the prime factors of t.
2, 29
Let r = -17 + 15. Let w be (-6)/(-9)*(1 - r). Suppose -w*d + 0*d = -14. List the prime factors of d.
7
Suppose 68 + 125 = q. Suppose 588 - q = 5*b. Suppose -3*d - 102 = -5*h - 0*d, 0 = -4*h + 5*d + b. What are the prime factors of h?
3, 7
Let x be (2 - (2 + -1)) + -5. Suppose -4 = v, n - 9*v + 40 = -7*v. What are the prime factors of (-1 + n + x)/(-1)?
53
Let o(t) = -t**2 + t + 1087. List the prime factors of o(0).
1087
Suppose d = -4*d - 5*t - 5, -3*d + 5*t + 13 = 0. What are the prime factors of 101/d + 3/((-9)/(-3))?
2, 3, 17
Let z(h) = -2*h - 21. Let k(o) = -4*o - 41. Let q(j) = -3*k(j) + 5*z(j). List the prime factors of q(18).
2, 3
Suppose 0 = 7*m - 5*m - 24. Let j = 9 - m. Let z = 6 + j. What are the prime factors of z?
3
Suppose -4*y = 2*h - h - 643, h = -5*y + 804. Suppose -o - 2*p = -y, o = -4*o - p + 805. List the prime factors of o.
7, 23
Suppose 0 = -5*s + 4*j + 2830, 37*s - 39*s - j + 1132 = 0. What are the prime factors of s?
2, 283
Let l(q) = 6*q**3 + q**2 + 6*q - 1. Let x be l(3). Let g = x - 17. List the prime factors of g.
3, 19
Let i be 18/180 - 39/(-10). Suppose 0 = l - 4*v - 187, -5*l + 0*l - i*v = -815. List the prime factors of l.
167
Let r(h) = 910*h - 142. List the prime factors of r(3).
2, 647
Let h(a) = -a + 4*a + 3*a**2 + 20 - 4*a - 2*a**2. Let n be h(0). Suppose -n = -3*f + 4*z, 0*f + 5*z = -5*f + 45. List the prime factors of f.
2
Let o = 632 + -234. List the prime factors of o.
2, 199
Let d(l) = 3*l**2 - 41*l - 38. List the prime factors of d(22).
2
Let r(o) = 2*o**2 + 11*o + 14. Let u be r(-7). List the prime factors of (u/10)/((-1)/(-14)).
7
Suppose 10*t + 114 - 24 = 0. Let u = t - -159. List the prime factors of u.
2, 3, 5
Let a(i) = 60*i - 4. Let x(r) = -61*r + 5. Let k(n) = -6*a(n) - 5*x(n). Let m be k(-2). Let f = 155 - m. What are the prime factors of f?
2, 23
Suppose 3*u - 8*h = -4*h + 13289, -2*u = -4*h - 8866. What are the prime factors of u?
4423
Suppose 180 = -4*l + 7*l. Let z = l - 40. List the prime factors of 30/z*(1 - -27).
2, 3, 7
What are the prime factors of 5 + (3 - 6) - -1352?
2, 677
Let l = -13 - -19. What are the prime factors of 9/l*9*6?
3
Suppose 3*j = -2*j - 150. Let b = -27 - j. Suppose b*w + 69 = 222. What are the prime factors of w?
3, 17
Suppose -23*o + 2268 = -17*o. List the prime factors of o.
2, 3, 7
Suppose 20*q = -6*q + 16432. List the prime factors of q.
2, 79
Suppose 3*d + 0*d = 27. Suppose 10*b = d*b + 3. Suppose -b*x + 2*v = 3*v - 11, -4*v = x - 22. What are the prime factors of x?
2
Let z(l) be the second derivative of l**4/3 + l**3/6 - l**2/2 + 8*l. Let x(s) be the first derivative of z(s). What are the prime factors of x(4)?
3, 11
Suppose -3*w + w + 2438 = -2*z, 3*w - 3665 = z. What are the prime factors of w?
1223
Let f(b) = -b**3 + 5*b**2 + 5*b - 11. Let k be f(5). Let q(d) = 7*d - 1. List the prime factors of q(k).
97
Let a = -183 + 165. Suppose -4*b = 3*j + 103, -3*b + 5*j - 2*j = 72. Let g = a - b. List the prime factors of g.
7
Let z(a) = 5*a - 10. Let s be z(3). Suppose -g + 53 = -2*c, -s*g + 8*g = 5*c + 164. What are the prime factors of g?
3, 7
Let z be 34/12 - 8/(-48). Suppose -4*h + 794 + 103 = 5*o, 363 = 2*o + z*h. List the prime factors of o.
3, 59
Let w(y) = y**3 + 19*y**2 + 13*y - 4. Let i = 55 + -73. List the prime factors of w(i).
2, 43
Let p(a) = 8*a**2 + 8. Suppose 2*w - 7*w = -15. What are the prime factors of p(w)?
2, 5
What are the prime factors of ((-34)/85)/((-2)/1300)?
2, 5, 13
Let v = 1552 - -809. What are the prime factors of v?
3, 787
Let z(p) = p**3 - 7*p**2 - 6*p + 4. Let g(k) = 2*k**2 + 12*k - 5. Let q be g(-7). What are the prime factors of z(q)?
2, 7
Let q = -83 - -88. Let t(n) = 4 - n**3 + 2*n**3 + 4 - 2 + 11*n - 7*n**2. List the prime factors of t(q).
11
Suppose 3*n + 48 = -75. Let h be 2/(-8) + n/(-4). Suppose -3*j + h = 2*r, 4*r - 15 = 3*j + 23. What are the prime factors of r?
2
Let n be (6/(-8))/(84/(-16) + 5). Suppose -3*g + 888 = n*g. List the prime factors of g.
2, 37
Let c(b) = b**2 + 2*b - 4. Let q be c(-4). What are the prime factors of q + (1 - (-6)/3)?
7
Let h(v) = 114*v**2 - 14*v - 1. List the prime factors of h(1).
3, 11
Let t be (2/(-4))/((-5)/20). Let p be ((-2)/t - -2)*8. What are the prime factors of 224/36 + p/(-36)?
2, 3
Let j(p) = -p**3 - 6*p**2 + 5*p - 9. Let w be j(-7). Let x = 41 + w. List the prime factors of x.
2, 23
Let p(b) = -4*b**2 + 3*b**2 + 2*b**2 - b + 11. Let o be p(0). Suppose 0 = 2*w + 2*w + 2*y - 84, -w + o = 3*y. List the prime factors of w.
23
Let w(j) = -j**2 + 3*j + 219. List the prime factors of w(0).
3, 73
Let u(o) = -6*o**3 - 2*o**2 - 5*o - 4. Let h be u(-2). What are the prime factors of (-6 + 11)/((-1)/h*-2)?
5, 23
Let z be ((-96)/(-56))/(2/112). Suppose 3*b - 7*b = -z. Suppose q + 2*q = b. What are the prime factors of q?
2
Let x(k) = -15*k - 24. Let n be x(4). Let y = 3 - n. List the prime factors of y.
3, 29
Suppose -909*x + 915*x = 10338. List the prime factors of x.
1723
Let j(v) = v - 1. Let o = 10 - 9. Let n be j(o). Let i(z) = z + 12. What are the prime factors of i(n)?
2, 3
Let m = -18 - -28. Suppose 10 = w + 4*t, -t - m = 4*w - 5*w. List the prime factors of w.
2, 5
Let z be 45336/96 + (-2)/8. Let r = z + -313. What are the prime factors of r?
3, 53
Let o(t) = -24*t**3 + t**2 - 3*t. What are the prime factors of o(-2)?
2, 101
Let b = 14392 - 9913. What are the prime factors of b?
3, 1493
Let u be ((-12)/(-10))/(44/110). What are the prime factors of 187/u - (-11)/(-33)?
2, 31
Let n be -10*((-93)/2 - -3). Suppose -q + 6*q - n = 5*w, -2*q = w - 162. List the prime factors of q.
83
Suppose -7*l + 4*d + 1103 = -4*l, -l - 2*d + 351 = 0. What are the 